{"id":760,"date":"2022-02-15T11:05:54","date_gmt":"2022-02-15T09:05:54","guid":{"rendered":"https:\/\/gradinitacrescendo.ro\/?page_id=760"},"modified":"2022-02-15T11:05:54","modified_gmt":"2022-02-15T09:05:54","slug":"misiunea","status":"publish","type":"page","link":"https:\/\/old2.gradinitacrescendo.ro\/?page_id=760","title":{"rendered":"Misiunea"},"content":{"rendered":"\n<p>Gr\u0103dini\u021ba cu program prelungit \u201cCrescendo\u201d are ca ideal de educa\u021bie &nbsp;dezvoltarea liber\u0103, integral\u0103 \u0219i armonioas\u0103 a individualit\u0103\u021bii umane pentru &nbsp;formarea unei personalit\u0103\u021bi autonome \u0219i creative.<\/p>\n\n\n\n<p>Gr\u0103dini\u021ba cu program prelungit \u201cCrescendo\u201d ofer\u0103 fiec\u0103rui copil \u0219anse egale de studiu, protec\u021bie social\u0103, dezvoltare intelectual\u0103, fizic\u0103 \u0219i emo\u021bional\u0103, respect\u00e2nd drepturile \u0219i libert\u0103\u021bile omului \u0219i pune accent pe \u00eenv\u0103\u021barea centrat\u0103 pe elev folosind metodele activ &#8211;&nbsp; participative.<\/p>\n\n\n\n<p>Gr\u0103dini\u021ba cu program prelungit \u201cCrescendo\u201d asigur\u0103 progresul \u0219colar \u0219i dezvoltarea individual\u0103 \u00een vederea zidirii unei societ\u0103\u021bi intelectuale, culturale, morale,&nbsp; armonioase.<\/p>\n","protected":false},"excerpt":{"rendered":"<p>Gr\u0103dini\u021ba cu program prelungit \u201cCrescendo\u201d are ca ideal de educa\u021bie &nbsp;dezvoltarea liber\u0103, integral\u0103 \u0219i armonioas\u0103 a individualit\u0103\u021bii umane pentru &nbsp;formarea unei personalit\u0103\u021bi autonome \u0219i creative. Gr\u0103dini\u021ba cu program prelungit \u201cCrescendo\u201d ofer\u0103 fiec\u0103rui copil \u0219anse egale de studiu, protec\u021bie social\u0103, dezvoltare intelectual\u0103, fizic\u0103 \u0219i emo\u021bional\u0103, respect\u00e2nd drepturile \u0219i libert\u0103\u021bile omului \u0219i pune accent pe \u00eenv\u0103\u021barea centrat\u0103 [&hellip;]<\/p>\n","protected":false},"author":2,"featured_media":0,"parent":0,"menu_order":0,"comment_status":"closed","ping_status":"closed","template":"","meta":{"footnotes":""},"class_list":["post-760","page","type-page","status-publish","hentry"],"yoast_head":"<!-- This site is optimized with the Yoast SEO plugin v27.3 - https:\/\/yoast.com\/product\/yoast-seo-wordpress\/ -->\n<title>Misiunea | Gradinita Crescendo<\/title>\n<meta name=\"robots\" content=\"noindex, follow, max-snippet:-1, max-image-preview:large, max-video-preview:-1\" \/>\n<meta property=\"og:locale\" content=\"ro_RO\" \/>\n<meta property=\"og:type\" content=\"article\" \/>\n<meta property=\"og:title\" content=\"Misiunea | Gradinita Crescendo\" \/>\n<meta property=\"og:description\" content=\"Gr\u0103dini\u021ba cu program prelungit \u201cCrescendo\u201d are ca ideal de educa\u021bie &nbsp;dezvoltarea liber\u0103, integral\u0103 \u0219i armonioas\u0103 a individualit\u0103\u021bii umane pentru &nbsp;formarea unei personalit\u0103\u021bi autonome \u0219i creative. Gr\u0103dini\u021ba cu program prelungit \u201cCrescendo\u201d ofer\u0103 fiec\u0103rui copil \u0219anse egale de studiu, protec\u021bie social\u0103, dezvoltare intelectual\u0103, fizic\u0103 \u0219i emo\u021bional\u0103, respect\u00e2nd drepturile \u0219i libert\u0103\u021bile omului \u0219i pune accent pe \u00eenv\u0103\u021barea centrat\u0103 [&hellip;]\" \/>\n<meta property=\"og:url\" content=\"https:\/\/old2.gradinitacrescendo.ro\/?page_id=760\" \/>\n<meta property=\"og:site_name\" content=\"Gradinita Crescendo\" \/>\n<meta name=\"twitter:card\" content=\"summary_large_image\" \/>\n<script type=\"application\/ld+json\" class=\"yoast-schema-graph\">{\"@context\":\"https:\\\/\\\/schema.org\",\"@graph\":[{\"@type\":\"WebPage\",\"@id\":\"https:\\\/\\\/old2.gradinitacrescendo.ro\\\/?page_id=760\",\"url\":\"https:\\\/\\\/old2.gradinitacrescendo.ro\\\/?page_id=760\",\"name\":\"Misiunea | Gradinita Crescendo\",\"isPartOf\":{\"@id\":\"https:\\\/\\\/old2.gradinitacrescendo.ro\\\/#website\"},\"datePublished\":\"2022-02-15T09:05:54+00:00\",\"breadcrumb\":{\"@id\":\"https:\\\/\\\/old2.gradinitacrescendo.ro\\\/?page_id=760#breadcrumb\"},\"inLanguage\":\"ro-RO\",\"potentialAction\":[{\"@type\":\"ReadAction\",\"target\":[\"https:\\\/\\\/old2.gradinitacrescendo.ro\\\/?page_id=760\"]}]},{\"@type\":\"BreadcrumbList\",\"@id\":\"https:\\\/\\\/old2.gradinitacrescendo.ro\\\/?page_id=760#breadcrumb\",\"itemListElement\":[{\"@type\":\"ListItem\",\"position\":1,\"name\":\"Prima pagin\u0103\",\"item\":\"https:\\\/\\\/old2.gradinitacrescendo.ro\\\/\"},{\"@type\":\"ListItem\",\"position\":2,\"name\":\"Misiunea\"}]},{\"@type\":\"WebSite\",\"@id\":\"https:\\\/\\\/old2.gradinitacrescendo.ro\\\/#website\",\"url\":\"https:\\\/\\\/old2.gradinitacrescendo.ro\\\/\",\"name\":\"Gradinita Crescendo\",\"description\":\"Un mediu sigur \u0219i grijuliu pentru dezvoltarea  copilului t\u0103u\",\"potentialAction\":[{\"@type\":\"SearchAction\",\"target\":{\"@type\":\"EntryPoint\",\"urlTemplate\":\"https:\\\/\\\/old2.gradinitacrescendo.ro\\\/?s={search_term_string}\"},\"query-input\":{\"@type\":\"PropertyValueSpecification\",\"valueRequired\":true,\"valueName\":\"search_term_string\"}}],\"inLanguage\":\"ro-RO\"}]}<\/script>\n<!-- \/ Yoast SEO plugin. -->","yoast_head_json":{"title":"Misiunea | Gradinita Crescendo","robots":{"index":"noindex","follow":"follow","max-snippet":"max-snippet:-1","max-image-preview":"max-image-preview:large","max-video-preview":"max-video-preview:-1"},"og_locale":"ro_RO","og_type":"article","og_title":"Misiunea | Gradinita Crescendo","og_description":"Gr\u0103dini\u021ba cu program prelungit \u201cCrescendo\u201d are ca ideal de educa\u021bie &nbsp;dezvoltarea liber\u0103, integral\u0103 \u0219i armonioas\u0103 a individualit\u0103\u021bii umane pentru &nbsp;formarea unei personalit\u0103\u021bi autonome \u0219i creative. Gr\u0103dini\u021ba cu program prelungit \u201cCrescendo\u201d ofer\u0103 fiec\u0103rui copil \u0219anse egale de studiu, protec\u021bie social\u0103, dezvoltare intelectual\u0103, fizic\u0103 \u0219i emo\u021bional\u0103, respect\u00e2nd drepturile \u0219i libert\u0103\u021bile omului \u0219i pune accent pe \u00eenv\u0103\u021barea centrat\u0103 [&hellip;]","og_url":"https:\/\/old2.gradinitacrescendo.ro\/?page_id=760","og_site_name":"Gradinita Crescendo","twitter_card":"summary_large_image","schema":{"@context":"https:\/\/schema.org","@graph":[{"@type":"WebPage","@id":"https:\/\/old2.gradinitacrescendo.ro\/?page_id=760","url":"https:\/\/old2.gradinitacrescendo.ro\/?page_id=760","name":"Misiunea | Gradinita Crescendo","isPartOf":{"@id":"https:\/\/old2.gradinitacrescendo.ro\/#website"},"datePublished":"2022-02-15T09:05:54+00:00","breadcrumb":{"@id":"https:\/\/old2.gradinitacrescendo.ro\/?page_id=760#breadcrumb"},"inLanguage":"ro-RO","potentialAction":[{"@type":"ReadAction","target":["https:\/\/old2.gradinitacrescendo.ro\/?page_id=760"]}]},{"@type":"BreadcrumbList","@id":"https:\/\/old2.gradinitacrescendo.ro\/?page_id=760#breadcrumb","itemListElement":[{"@type":"ListItem","position":1,"name":"Prima pagin\u0103","item":"https:\/\/old2.gradinitacrescendo.ro\/"},{"@type":"ListItem","position":2,"name":"Misiunea"}]},{"@type":"WebSite","@id":"https:\/\/old2.gradinitacrescendo.ro\/#website","url":"https:\/\/old2.gradinitacrescendo.ro\/","name":"Gradinita Crescendo","description":"Un mediu sigur \u0219i grijuliu pentru dezvoltarea  copilului t\u0103u","potentialAction":[{"@type":"SearchAction","target":{"@type":"EntryPoint","urlTemplate":"https:\/\/old2.gradinitacrescendo.ro\/?s={search_term_string}"},"query-input":{"@type":"PropertyValueSpecification","valueRequired":true,"valueName":"search_term_string"}}],"inLanguage":"ro-RO"}]}},"_links":{"self":[{"href":"https:\/\/old2.gradinitacrescendo.ro\/index.php?rest_route=\/wp\/v2\/pages\/760","targetHints":{"allow":["GET"]}}],"collection":[{"href":"https:\/\/old2.gradinitacrescendo.ro\/index.php?rest_route=\/wp\/v2\/pages"}],"about":[{"href":"https:\/\/old2.gradinitacrescendo.ro\/index.php?rest_route=\/wp\/v2\/types\/page"}],"author":[{"embeddable":true,"href":"https:\/\/old2.gradinitacrescendo.ro\/index.php?rest_route=\/wp\/v2\/users\/2"}],"replies":[{"embeddable":true,"href":"https:\/\/old2.gradinitacrescendo.ro\/index.php?rest_route=%2Fwp%2Fv2%2Fcomments&post=760"}],"version-history":[{"count":1,"href":"https:\/\/old2.gradinitacrescendo.ro\/index.php?rest_route=\/wp\/v2\/pages\/760\/revisions"}],"predecessor-version":[{"id":761,"href":"https:\/\/old2.gradinitacrescendo.ro\/index.php?rest_route=\/wp\/v2\/pages\/760\/revisions\/761"}],"wp:attachment":[{"href":"https:\/\/old2.gradinitacrescendo.ro\/index.php?rest_route=%2Fwp%2Fv2%2Fmedia&parent=760"}],"curies":[{"name":"wp","href":"https:\/\/api.w.org\/{rel}","templated":true}]}}