{"id":759,"date":"2022-02-15T11:06:26","date_gmt":"2022-02-15T09:06:26","guid":{"rendered":"https:\/\/gradinitacrescendo.ro\/?page_id=759"},"modified":"2022-02-15T11:06:26","modified_gmt":"2022-02-15T09:06:26","slug":"oferta-educationala","status":"publish","type":"page","link":"https:\/\/old2.gradinitacrescendo.ro\/?page_id=759","title":{"rendered":"Oferta educa\u021bional\u0103"},"content":{"rendered":"\n<p>Gr\u0103dini\u021ba cu program prelungit \u201d Crescendo \u201dofer\u0103 un climat de, lini\u0219te, \u00eencredere, bun\u0103 dispozi\u021bie \u0219i siguran\u021b\u0103. &nbsp;&nbsp;&nbsp;&nbsp;&nbsp;&nbsp;&nbsp;&nbsp;&nbsp;&nbsp;<\/p>\n\n\n\n<p>\u00centreaga echip\u0103 urm\u0103re\u0219te dezvoltarea : moralit\u0103\u021bii, responsabilitatea, cooperarea, generozitatea, munca \u00een echip\u0103, \u00eencrederea \u0219i respectul fa\u021b\u0103 de copil \u0219i familia acestuia, devotamentul, libertatea \u00een exprimare, receptivitatea \u0219i creativitatea, demnitatea, dreptatea \u0219i egalitatea.<\/p>\n\n\n\n<p><strong>&nbsp;&nbsp;&nbsp;&nbsp; Gr\u0103dini\u021ba&nbsp;<\/strong>organizeaz\u0103 copiii pe grupe de v\u00e2rst\u0103<strong>,&nbsp;<\/strong>dup\u0103 cum urmeaz\u0103:<\/p>\n\n\n\n<ul class=\"wp-block-list\"><li>3-4 ani<\/li><li>4-5 ani<\/li><li>5-6 ani.<\/li><\/ul>\n\n\n\n<p>Gr\u0103dini\u021ba respect\u0103&nbsp;<strong>curriculum-ul na\u021bional<\/strong>&nbsp;care cuprinde urm\u0103toarele domenii: comunicare \u0219i limbaj,&nbsp;&nbsp; om \u0219i societate,&nbsp; \u0219tiin\u021be(cunoa\u0219terea mediului \u0219i matematic\u0103), estetic \u0219i creativ \u0219i psihomotric.<\/p>\n\n\n\n<p><strong>&nbsp;&nbsp;&nbsp;&nbsp;&nbsp; Activit\u0103\u021bile op\u021bionale<\/strong>&nbsp;propuse pentru gr\u0103dini\u021ba sunt :<\/p>\n\n\n\n<ul class=\"wp-block-list\"><li>limba englez\u0103(2 activit\u0103\u021bi de 30-40 min. s\u0103pt\u0103m\u00e2nal);<\/li><li>activit\u0103\u021bi sportive (2 activit\u0103\u021bi de 30-40 min. s\u0103pt\u0103m\u00e2nal);<\/li><li>teatru pentru copii (1 activitate de 30-40 min. s\u0103pt\u0103m\u00e2nal);<\/li><li>muzic\u0103 (1 activitate de 30-40 min. s\u0103pt\u0103m\u00e2nal).<\/li><li>Educa\u021bie ecologist\u0103( 1 activitate 30-40 min\/s\u0103pt\u0103m\u00e2n\u0103)<\/li><li>Educa\u021bie pentru s\u0103n\u0103tate ( 1 activitate 30-40 min\/s\u0103pt\u0103m\u00e2n\u0103)<\/li><\/ul>\n\n\n\n<p><strong>Alte activit\u0103\u021bi extracurriculare:<\/strong><\/p>\n\n\n\n<ul class=\"wp-block-list\"><li>organizarea de serb\u0103ri \u0219i spectacole la evenimentele importante ale anului;<\/li><li>participarea la concursuri, festivaluri, t\u00e2rguri, expozi\u021bii;<\/li><li>implicarea \u00een campanii sociale \u0219i umanitare,<\/li><li>organizarea de activit\u0103\u021bi demonstrative cu participarea p\u0103rin\u021bilor.<\/li><li>participarea la concursuri na\u021bionale \u0219i interna\u021bionale, astfel fiecare copil realiz\u00e2nd de la v\u00e2rst\u0103 fraged\u0103 un portofoliu special.<\/li><\/ul>\n\n\n\n<p><strong>&nbsp;&nbsp;&nbsp;&nbsp;&nbsp;&nbsp;&nbsp; Activit\u0103\u021bile\/serviciile conexe<\/strong>&nbsp;sunt:<\/p>\n\n\n\n<ul class=\"wp-block-list\"><li>Asisten\u021b\u0103 psihopedagogic\u0103 individual\u0103 \u0219i de grup acordat\u0103 copiilor<\/li><li>Programe de educa\u021bie a adul\u021bilor, consiliere, consultan\u021b\u0103.<\/li><li>Servicii de asigurare a mesei, supraveghere, odihn\u0103. Activit\u0103\u021bi care nu sunt incluse \u00een serviciul educa\u021bional, pentru care beneficiarii trebuie s\u0103 contribuie din punct de vedere financiar: Meniul este ovo-lacto-vegetarian<strong>,&nbsp;<\/strong>asigurat \u00een sistem catering de un restaurant autorizat.<\/li><li>Excursii, participarea la spectacole, vizite la muzee, alte activit\u0103\u021bi extra\u0219colare.<\/li><li>Servicii de protec\u021bie social\u0103 a copiilor.<\/li><li>S\u0103rb\u0103torirea \u00eempreun\u0103 a zilelor de na\u0219tere<\/li><\/ul>\n\n\n\n<p>Comunicarea cu p\u0103rin\u021bii se face zilnic, personal \u0219i prin intermediul e- mail-ului sau a re\u021belelor de socializare.<\/p>\n\n\n\n<p>Asisten\u021ba medical\u0103 este asigurat\u0103 zilnic, de un asistent medical \u0219i supervizat\u0103 de un medic.<\/p>\n","protected":false},"excerpt":{"rendered":"<p>Gr\u0103dini\u021ba cu program prelungit \u201d Crescendo \u201dofer\u0103 un climat de, lini\u0219te, \u00eencredere, bun\u0103 dispozi\u021bie \u0219i siguran\u021b\u0103. &nbsp;&nbsp;&nbsp;&nbsp;&nbsp;&nbsp;&nbsp;&nbsp;&nbsp;&nbsp; \u00centreaga echip\u0103 urm\u0103re\u0219te dezvoltarea : moralit\u0103\u021bii, responsabilitatea, cooperarea, generozitatea, munca \u00een echip\u0103, \u00eencrederea \u0219i respectul fa\u021b\u0103 de copil \u0219i familia acestuia, devotamentul, libertatea \u00een exprimare, receptivitatea \u0219i creativitatea, demnitatea, dreptatea \u0219i egalitatea. &nbsp;&nbsp;&nbsp;&nbsp; Gr\u0103dini\u021ba&nbsp;organizeaz\u0103 copiii pe grupe de [&hellip;]<\/p>\n","protected":false},"author":2,"featured_media":0,"parent":0,"menu_order":0,"comment_status":"closed","ping_status":"closed","template":"","meta":{"footnotes":""},"class_list":["post-759","page","type-page","status-publish","hentry"],"yoast_head":"<!-- This site is optimized with the Yoast SEO plugin v27.3 - https:\/\/yoast.com\/product\/yoast-seo-wordpress\/ -->\n<title>Oferta educa\u021bional\u0103 | Gradinita Crescendo<\/title>\n<meta name=\"robots\" content=\"noindex, follow, max-snippet:-1, max-image-preview:large, max-video-preview:-1\" \/>\n<meta property=\"og:locale\" content=\"ro_RO\" \/>\n<meta property=\"og:type\" content=\"article\" \/>\n<meta property=\"og:title\" content=\"Oferta educa\u021bional\u0103 | Gradinita Crescendo\" \/>\n<meta property=\"og:description\" content=\"Gr\u0103dini\u021ba cu program prelungit \u201d Crescendo \u201dofer\u0103 un climat de, lini\u0219te, \u00eencredere, bun\u0103 dispozi\u021bie \u0219i siguran\u021b\u0103. &nbsp;&nbsp;&nbsp;&nbsp;&nbsp;&nbsp;&nbsp;&nbsp;&nbsp;&nbsp; \u00centreaga echip\u0103 urm\u0103re\u0219te dezvoltarea : moralit\u0103\u021bii, responsabilitatea, cooperarea, generozitatea, munca \u00een echip\u0103, \u00eencrederea \u0219i respectul fa\u021b\u0103 de copil \u0219i familia acestuia, devotamentul, libertatea \u00een exprimare, receptivitatea \u0219i creativitatea, demnitatea, dreptatea \u0219i egalitatea. &nbsp;&nbsp;&nbsp;&nbsp; Gr\u0103dini\u021ba&nbsp;organizeaz\u0103 copiii pe grupe de [&hellip;]\" \/>\n<meta property=\"og:url\" content=\"https:\/\/old2.gradinitacrescendo.ro\/?page_id=759\" \/>\n<meta property=\"og:site_name\" content=\"Gradinita Crescendo\" \/>\n<meta name=\"twitter:card\" content=\"summary_large_image\" \/>\n<script type=\"application\/ld+json\" class=\"yoast-schema-graph\">{\"@context\":\"https:\\\/\\\/schema.org\",\"@graph\":[{\"@type\":\"WebPage\",\"@id\":\"https:\\\/\\\/old2.gradinitacrescendo.ro\\\/?page_id=759\",\"url\":\"https:\\\/\\\/old2.gradinitacrescendo.ro\\\/?page_id=759\",\"name\":\"Oferta educa\u021bional\u0103 | Gradinita Crescendo\",\"isPartOf\":{\"@id\":\"https:\\\/\\\/old2.gradinitacrescendo.ro\\\/#website\"},\"datePublished\":\"2022-02-15T09:06:26+00:00\",\"breadcrumb\":{\"@id\":\"https:\\\/\\\/old2.gradinitacrescendo.ro\\\/?page_id=759#breadcrumb\"},\"inLanguage\":\"ro-RO\",\"potentialAction\":[{\"@type\":\"ReadAction\",\"target\":[\"https:\\\/\\\/old2.gradinitacrescendo.ro\\\/?page_id=759\"]}]},{\"@type\":\"BreadcrumbList\",\"@id\":\"https:\\\/\\\/old2.gradinitacrescendo.ro\\\/?page_id=759#breadcrumb\",\"itemListElement\":[{\"@type\":\"ListItem\",\"position\":1,\"name\":\"Prima pagin\u0103\",\"item\":\"https:\\\/\\\/old2.gradinitacrescendo.ro\\\/\"},{\"@type\":\"ListItem\",\"position\":2,\"name\":\"Oferta educa\u021bional\u0103\"}]},{\"@type\":\"WebSite\",\"@id\":\"https:\\\/\\\/old2.gradinitacrescendo.ro\\\/#website\",\"url\":\"https:\\\/\\\/old2.gradinitacrescendo.ro\\\/\",\"name\":\"Gradinita Crescendo\",\"description\":\"Un mediu sigur \u0219i grijuliu pentru dezvoltarea  copilului t\u0103u\",\"potentialAction\":[{\"@type\":\"SearchAction\",\"target\":{\"@type\":\"EntryPoint\",\"urlTemplate\":\"https:\\\/\\\/old2.gradinitacrescendo.ro\\\/?s={search_term_string}\"},\"query-input\":{\"@type\":\"PropertyValueSpecification\",\"valueRequired\":true,\"valueName\":\"search_term_string\"}}],\"inLanguage\":\"ro-RO\"}]}<\/script>\n<!-- \/ Yoast SEO plugin. -->","yoast_head_json":{"title":"Oferta educa\u021bional\u0103 | Gradinita Crescendo","robots":{"index":"noindex","follow":"follow","max-snippet":"max-snippet:-1","max-image-preview":"max-image-preview:large","max-video-preview":"max-video-preview:-1"},"og_locale":"ro_RO","og_type":"article","og_title":"Oferta educa\u021bional\u0103 | Gradinita Crescendo","og_description":"Gr\u0103dini\u021ba cu program prelungit \u201d Crescendo \u201dofer\u0103 un climat de, lini\u0219te, \u00eencredere, bun\u0103 dispozi\u021bie \u0219i siguran\u021b\u0103. &nbsp;&nbsp;&nbsp;&nbsp;&nbsp;&nbsp;&nbsp;&nbsp;&nbsp;&nbsp; \u00centreaga echip\u0103 urm\u0103re\u0219te dezvoltarea : moralit\u0103\u021bii, responsabilitatea, cooperarea, generozitatea, munca \u00een echip\u0103, \u00eencrederea \u0219i respectul fa\u021b\u0103 de copil \u0219i familia acestuia, devotamentul, libertatea \u00een exprimare, receptivitatea \u0219i creativitatea, demnitatea, dreptatea \u0219i egalitatea. &nbsp;&nbsp;&nbsp;&nbsp; Gr\u0103dini\u021ba&nbsp;organizeaz\u0103 copiii pe grupe de [&hellip;]","og_url":"https:\/\/old2.gradinitacrescendo.ro\/?page_id=759","og_site_name":"Gradinita Crescendo","twitter_card":"summary_large_image","schema":{"@context":"https:\/\/schema.org","@graph":[{"@type":"WebPage","@id":"https:\/\/old2.gradinitacrescendo.ro\/?page_id=759","url":"https:\/\/old2.gradinitacrescendo.ro\/?page_id=759","name":"Oferta educa\u021bional\u0103 | Gradinita Crescendo","isPartOf":{"@id":"https:\/\/old2.gradinitacrescendo.ro\/#website"},"datePublished":"2022-02-15T09:06:26+00:00","breadcrumb":{"@id":"https:\/\/old2.gradinitacrescendo.ro\/?page_id=759#breadcrumb"},"inLanguage":"ro-RO","potentialAction":[{"@type":"ReadAction","target":["https:\/\/old2.gradinitacrescendo.ro\/?page_id=759"]}]},{"@type":"BreadcrumbList","@id":"https:\/\/old2.gradinitacrescendo.ro\/?page_id=759#breadcrumb","itemListElement":[{"@type":"ListItem","position":1,"name":"Prima pagin\u0103","item":"https:\/\/old2.gradinitacrescendo.ro\/"},{"@type":"ListItem","position":2,"name":"Oferta educa\u021bional\u0103"}]},{"@type":"WebSite","@id":"https:\/\/old2.gradinitacrescendo.ro\/#website","url":"https:\/\/old2.gradinitacrescendo.ro\/","name":"Gradinita Crescendo","description":"Un mediu sigur \u0219i grijuliu pentru dezvoltarea  copilului t\u0103u","potentialAction":[{"@type":"SearchAction","target":{"@type":"EntryPoint","urlTemplate":"https:\/\/old2.gradinitacrescendo.ro\/?s={search_term_string}"},"query-input":{"@type":"PropertyValueSpecification","valueRequired":true,"valueName":"search_term_string"}}],"inLanguage":"ro-RO"}]}},"_links":{"self":[{"href":"https:\/\/old2.gradinitacrescendo.ro\/index.php?rest_route=\/wp\/v2\/pages\/759","targetHints":{"allow":["GET"]}}],"collection":[{"href":"https:\/\/old2.gradinitacrescendo.ro\/index.php?rest_route=\/wp\/v2\/pages"}],"about":[{"href":"https:\/\/old2.gradinitacrescendo.ro\/index.php?rest_route=\/wp\/v2\/types\/page"}],"author":[{"embeddable":true,"href":"https:\/\/old2.gradinitacrescendo.ro\/index.php?rest_route=\/wp\/v2\/users\/2"}],"replies":[{"embeddable":true,"href":"https:\/\/old2.gradinitacrescendo.ro\/index.php?rest_route=%2Fwp%2Fv2%2Fcomments&post=759"}],"version-history":[{"count":1,"href":"https:\/\/old2.gradinitacrescendo.ro\/index.php?rest_route=\/wp\/v2\/pages\/759\/revisions"}],"predecessor-version":[{"id":762,"href":"https:\/\/old2.gradinitacrescendo.ro\/index.php?rest_route=\/wp\/v2\/pages\/759\/revisions\/762"}],"wp:attachment":[{"href":"https:\/\/old2.gradinitacrescendo.ro\/index.php?rest_route=%2Fwp%2Fv2%2Fmedia&parent=759"}],"curies":[{"name":"wp","href":"https:\/\/api.w.org\/{rel}","templated":true}]}}