{"id":757,"date":"2022-02-15T11:03:00","date_gmt":"2022-02-15T09:03:00","guid":{"rendered":"https:\/\/gradinitacrescendo.ro\/?page_id=757"},"modified":"2022-02-15T11:03:01","modified_gmt":"2022-02-15T09:03:01","slug":"viziune","status":"publish","type":"page","link":"https:\/\/old2.gradinitacrescendo.ro\/?page_id=757","title":{"rendered":"Viziune"},"content":{"rendered":"\n<p>Urm\u0103rind o viziune dinamic\u0103, \u0219tiin\u021bific\u0103, pragmatic\u0103, Gr\u0103dini\u021ba \u201eCrescendo\u201d s-a concentrat pe urm\u0103toarele domenii:<\/p>\n\n\n\n<ul class=\"wp-block-list\"><li>Curriculum<ul><li>\u00censu\u0219irea valorilor cultural-\u0219tiin\u021bifice asigur\u00e2nd calitate procesul instructiv-educativ<\/li><li>Formarea capacit\u0103\u021bilor intelectuale \u0219i dezvoltarea abilit\u0103\u021bilor<\/li><li>Dezvoltarea armonioas\u0103 a personalit\u0103\u021bii<\/li><li>Formarea unui comportament moral-cre\u0219tin bazat pe respect \u0219i ajutor reciproc<\/li><\/ul><\/li><li>Resurse material-financiare<ul><li>Ob\u021binerea de finan\u021b\u0103ri \u00een vederea \u00eembun\u0103t\u0103\u021birii bazei materiale<\/li><li>Continuarea dot\u0103rii bibliotecii \u0219i a s\u0103lilor de clas\u0103<\/li><\/ul><\/li><li>Resurse umane<ul><li>Asigurarea cadrelor didactice necesare procesului instructiv-educativ de calitate<\/li><li>Continua \u00eenv\u0103\u021bare \u0219i perfec\u021bionare a cadrelor didactice \u0219i nedidactice<\/li><li>Asigurarea unui cadru optim dezvolt\u0103rii personalit\u0103\u021bii fiec\u0103rui individ<\/li><\/ul><\/li><li>Rela\u021bii comunitare<ul><li>Colaborarea cu parteneri educa\u021bionali, sociali \u0219i culturali pentru realizarea de proiecte care au scopul \u00eembog\u0103\u021birii experien\u021belor copiilor, a motiva\u021biei pentru \u00eenv\u0103\u021bare \u0219i cre\u0219terea prestigiului unit\u0103\u021bii.<\/li><\/ul><\/li><\/ul>\n","protected":false},"excerpt":{"rendered":"<p>Urm\u0103rind o viziune dinamic\u0103, \u0219tiin\u021bific\u0103, pragmatic\u0103, Gr\u0103dini\u021ba \u201eCrescendo\u201d s-a concentrat pe urm\u0103toarele domenii: Curriculum \u00censu\u0219irea valorilor cultural-\u0219tiin\u021bifice asigur\u00e2nd calitate procesul instructiv-educativ Formarea capacit\u0103\u021bilor intelectuale \u0219i dezvoltarea abilit\u0103\u021bilor Dezvoltarea armonioas\u0103 a personalit\u0103\u021bii Formarea unui comportament moral-cre\u0219tin bazat pe respect \u0219i ajutor reciproc Resurse material-financiare Ob\u021binerea de finan\u021b\u0103ri \u00een vederea \u00eembun\u0103t\u0103\u021birii bazei materiale Continuarea dot\u0103rii bibliotecii \u0219i [&hellip;]<\/p>\n","protected":false},"author":2,"featured_media":0,"parent":0,"menu_order":0,"comment_status":"closed","ping_status":"closed","template":"","meta":{"footnotes":""},"class_list":["post-757","page","type-page","status-publish","hentry"],"yoast_head":"<!-- This site is optimized with the Yoast SEO plugin v27.3 - https:\/\/yoast.com\/product\/yoast-seo-wordpress\/ -->\n<title>Viziune | Gradinita Crescendo<\/title>\n<meta name=\"robots\" content=\"noindex, follow, max-snippet:-1, max-image-preview:large, max-video-preview:-1\" \/>\n<meta property=\"og:locale\" content=\"ro_RO\" \/>\n<meta property=\"og:type\" content=\"article\" \/>\n<meta property=\"og:title\" content=\"Viziune | Gradinita Crescendo\" \/>\n<meta property=\"og:description\" content=\"Urm\u0103rind o viziune dinamic\u0103, \u0219tiin\u021bific\u0103, pragmatic\u0103, Gr\u0103dini\u021ba \u201eCrescendo\u201d s-a concentrat pe urm\u0103toarele domenii: Curriculum \u00censu\u0219irea valorilor cultural-\u0219tiin\u021bifice asigur\u00e2nd calitate procesul instructiv-educativ Formarea capacit\u0103\u021bilor intelectuale \u0219i dezvoltarea abilit\u0103\u021bilor Dezvoltarea armonioas\u0103 a personalit\u0103\u021bii Formarea unui comportament moral-cre\u0219tin bazat pe respect \u0219i ajutor reciproc Resurse material-financiare Ob\u021binerea de finan\u021b\u0103ri \u00een vederea \u00eembun\u0103t\u0103\u021birii bazei materiale Continuarea dot\u0103rii bibliotecii \u0219i [&hellip;]\" \/>\n<meta property=\"og:url\" content=\"https:\/\/old2.gradinitacrescendo.ro\/?page_id=757\" \/>\n<meta property=\"og:site_name\" content=\"Gradinita Crescendo\" \/>\n<meta property=\"article:modified_time\" content=\"2022-02-15T09:03:01+00:00\" \/>\n<meta name=\"twitter:card\" content=\"summary_large_image\" \/>\n<script type=\"application\/ld+json\" class=\"yoast-schema-graph\">{\"@context\":\"https:\\\/\\\/schema.org\",\"@graph\":[{\"@type\":\"WebPage\",\"@id\":\"https:\\\/\\\/old2.gradinitacrescendo.ro\\\/?page_id=757\",\"url\":\"https:\\\/\\\/old2.gradinitacrescendo.ro\\\/?page_id=757\",\"name\":\"Viziune | Gradinita Crescendo\",\"isPartOf\":{\"@id\":\"https:\\\/\\\/old2.gradinitacrescendo.ro\\\/#website\"},\"datePublished\":\"2022-02-15T09:03:00+00:00\",\"dateModified\":\"2022-02-15T09:03:01+00:00\",\"breadcrumb\":{\"@id\":\"https:\\\/\\\/old2.gradinitacrescendo.ro\\\/?page_id=757#breadcrumb\"},\"inLanguage\":\"ro-RO\",\"potentialAction\":[{\"@type\":\"ReadAction\",\"target\":[\"https:\\\/\\\/old2.gradinitacrescendo.ro\\\/?page_id=757\"]}]},{\"@type\":\"BreadcrumbList\",\"@id\":\"https:\\\/\\\/old2.gradinitacrescendo.ro\\\/?page_id=757#breadcrumb\",\"itemListElement\":[{\"@type\":\"ListItem\",\"position\":1,\"name\":\"Prima pagin\u0103\",\"item\":\"https:\\\/\\\/old2.gradinitacrescendo.ro\\\/\"},{\"@type\":\"ListItem\",\"position\":2,\"name\":\"Viziune\"}]},{\"@type\":\"WebSite\",\"@id\":\"https:\\\/\\\/old2.gradinitacrescendo.ro\\\/#website\",\"url\":\"https:\\\/\\\/old2.gradinitacrescendo.ro\\\/\",\"name\":\"Gradinita Crescendo\",\"description\":\"Un mediu sigur \u0219i grijuliu pentru dezvoltarea  copilului t\u0103u\",\"potentialAction\":[{\"@type\":\"SearchAction\",\"target\":{\"@type\":\"EntryPoint\",\"urlTemplate\":\"https:\\\/\\\/old2.gradinitacrescendo.ro\\\/?s={search_term_string}\"},\"query-input\":{\"@type\":\"PropertyValueSpecification\",\"valueRequired\":true,\"valueName\":\"search_term_string\"}}],\"inLanguage\":\"ro-RO\"}]}<\/script>\n<!-- \/ Yoast SEO plugin. -->","yoast_head_json":{"title":"Viziune | Gradinita Crescendo","robots":{"index":"noindex","follow":"follow","max-snippet":"max-snippet:-1","max-image-preview":"max-image-preview:large","max-video-preview":"max-video-preview:-1"},"og_locale":"ro_RO","og_type":"article","og_title":"Viziune | Gradinita Crescendo","og_description":"Urm\u0103rind o viziune dinamic\u0103, \u0219tiin\u021bific\u0103, pragmatic\u0103, Gr\u0103dini\u021ba \u201eCrescendo\u201d s-a concentrat pe urm\u0103toarele domenii: Curriculum \u00censu\u0219irea valorilor cultural-\u0219tiin\u021bifice asigur\u00e2nd calitate procesul instructiv-educativ Formarea capacit\u0103\u021bilor intelectuale \u0219i dezvoltarea abilit\u0103\u021bilor Dezvoltarea armonioas\u0103 a personalit\u0103\u021bii Formarea unui comportament moral-cre\u0219tin bazat pe respect \u0219i ajutor reciproc Resurse material-financiare Ob\u021binerea de finan\u021b\u0103ri \u00een vederea \u00eembun\u0103t\u0103\u021birii bazei materiale Continuarea dot\u0103rii bibliotecii \u0219i [&hellip;]","og_url":"https:\/\/old2.gradinitacrescendo.ro\/?page_id=757","og_site_name":"Gradinita Crescendo","article_modified_time":"2022-02-15T09:03:01+00:00","twitter_card":"summary_large_image","schema":{"@context":"https:\/\/schema.org","@graph":[{"@type":"WebPage","@id":"https:\/\/old2.gradinitacrescendo.ro\/?page_id=757","url":"https:\/\/old2.gradinitacrescendo.ro\/?page_id=757","name":"Viziune | Gradinita Crescendo","isPartOf":{"@id":"https:\/\/old2.gradinitacrescendo.ro\/#website"},"datePublished":"2022-02-15T09:03:00+00:00","dateModified":"2022-02-15T09:03:01+00:00","breadcrumb":{"@id":"https:\/\/old2.gradinitacrescendo.ro\/?page_id=757#breadcrumb"},"inLanguage":"ro-RO","potentialAction":[{"@type":"ReadAction","target":["https:\/\/old2.gradinitacrescendo.ro\/?page_id=757"]}]},{"@type":"BreadcrumbList","@id":"https:\/\/old2.gradinitacrescendo.ro\/?page_id=757#breadcrumb","itemListElement":[{"@type":"ListItem","position":1,"name":"Prima pagin\u0103","item":"https:\/\/old2.gradinitacrescendo.ro\/"},{"@type":"ListItem","position":2,"name":"Viziune"}]},{"@type":"WebSite","@id":"https:\/\/old2.gradinitacrescendo.ro\/#website","url":"https:\/\/old2.gradinitacrescendo.ro\/","name":"Gradinita Crescendo","description":"Un mediu sigur \u0219i grijuliu pentru dezvoltarea  copilului t\u0103u","potentialAction":[{"@type":"SearchAction","target":{"@type":"EntryPoint","urlTemplate":"https:\/\/old2.gradinitacrescendo.ro\/?s={search_term_string}"},"query-input":{"@type":"PropertyValueSpecification","valueRequired":true,"valueName":"search_term_string"}}],"inLanguage":"ro-RO"}]}},"_links":{"self":[{"href":"https:\/\/old2.gradinitacrescendo.ro\/index.php?rest_route=\/wp\/v2\/pages\/757","targetHints":{"allow":["GET"]}}],"collection":[{"href":"https:\/\/old2.gradinitacrescendo.ro\/index.php?rest_route=\/wp\/v2\/pages"}],"about":[{"href":"https:\/\/old2.gradinitacrescendo.ro\/index.php?rest_route=\/wp\/v2\/types\/page"}],"author":[{"embeddable":true,"href":"https:\/\/old2.gradinitacrescendo.ro\/index.php?rest_route=\/wp\/v2\/users\/2"}],"replies":[{"embeddable":true,"href":"https:\/\/old2.gradinitacrescendo.ro\/index.php?rest_route=%2Fwp%2Fv2%2Fcomments&post=757"}],"version-history":[{"count":1,"href":"https:\/\/old2.gradinitacrescendo.ro\/index.php?rest_route=\/wp\/v2\/pages\/757\/revisions"}],"predecessor-version":[{"id":758,"href":"https:\/\/old2.gradinitacrescendo.ro\/index.php?rest_route=\/wp\/v2\/pages\/757\/revisions\/758"}],"wp:attachment":[{"href":"https:\/\/old2.gradinitacrescendo.ro\/index.php?rest_route=%2Fwp%2Fv2%2Fmedia&parent=757"}],"curies":[{"name":"wp","href":"https:\/\/api.w.org\/{rel}","templated":true}]}}